 - t(h). What is l(8)?
1
Let w(f) = -10*f - 2*f**2 - 9 - 10 + 15 + 1 - 12. What is w(-7)?
-43
Let s(m) = 203*m + 1423. Let r be s(-7). Let v(z) be the first derivative of 5/2*z**2 - r*z - 5 + 1/4*z**4 + 7/3*z**3. What is v(-6)?
4
Let s be (30/(-20))/((-19)/8 + 2). Let n be -1 + (-24)/(1 - s). Let o(t) be the second derivative of -t**4/12 + 7*t**3/6 - 3*t**2/2 + t. What is o(n)?
-3
Let s(c) = 3804*c + 3. Let b be s(1). Let w be (-2)/(-4) + b/54. Let l(n) = -2 - w*n + 73*n + 3. Determine l(2).
5
Let w be (-34 + 1012/33)/((-2)/3). Let n(b) = 2*b - 3. Let a(l) = l + 1. Let q(j) = -2*a(j) + 2*n(j). Calculate q(w).
2
Let l(o) = -3*o**2 - 2*o + 2. Suppose -33 = -9*k + 12. Let r be ((-200)/(-125))/(2/k). Let g(i) = i**3 - 3*i**2 - 8*i + 14. Let z be g(r). Calculate l(z).
-6
Let m(u) = -1176 + 2495 + 5*u - 1407 + 11*u. Give m(7).
24
Let s(w) = 5*w**2 - 2*w - 16. Let f be s(-4). Let y be (-8)/10 - (2 - f/40). Let h(j) = -4 + 3 - 5*j**2 + 0 - 2*j. Give h(y).
-4
Let b(l) = -l**3 + 3*l**2 + 9*l + 7. Let q be 19 - ((-12 - -1) + 25). What is b(q)?
2
Let y(v) = -29*v**2 + 24*v - 1. Let k(d) = -9*d**2 + 6*d + 2. Let i(q) = -4*k(q) + y(q). Calculate i(3).
54
Let o(t) = -3*t - 36. Let u(v) = v. Let m(q) = o(q) - 4*u(q). Let k(f) = 3*f + 15. Let y(j) = -9*k(j) - 4*m(j). Give y(-9).
0
Let h(j) = 4*j**2 - 2*j + 3. Let p(i) = -i**2 + 8*i - 5. Let k be p(7). Give h(k).
15
Let y(n) = -n**2 - 12*n + 1. Suppose 5*b + 2*c = 126, c - 12 = -4*b + 87. Suppose -5*f = -3*s - 0*f - b, f + 68 = -5*s. What is y(s)?
-12
Let i(w) = 8*w**3 - 12*w**2 - 24*w + 9. Let o(a) = 5*a**3 - 11*a**2 - 21*a + 9. Let h(q) = 2*i(q) - 3*o(q). What is h(-7)?
-16
Suppose -i + 36 = y + 4*i, y - 2*i - 8 = 0. Let u(x) = x - 14. Let r be u(y). Let z(o) = -21*o**r + 2 + 42*o**2 - 24*o**2. Determine z(-2).
-10
Let b(v) = 4*v**2 - 6*v + 5 - 3*v**2 - 2*v. Let j = -183 - -188. Determine b(j).
-10
Suppose -50*y - 129*y - 38*y = 2170. Let f(p) = -p**2 - 8*p + 11. Give f(y).
-9
Let z be (5 + 125)/((-2)/10). Let v = z - -656. Let o(x) = x**2 - 8*x + 5. Calculate o(v).
-7
Let r(o) = -o**2 + 5*o. Let c(l) be the third derivative of 5*l**4/8 - 9*l**3/2 + 4*l**2 - 119. Let s be (-1)/3 - (-7)/3. Let j be c(s). Give r(j).
6
Let v(h) = -h**2 - 26*h - 73. Let d be v(-22). Suppose -16 = m - 4*l, -d = -5*m - 21*l + 22*l. Let j(o) = o**3 - 5*o**2 + o + 3. Give j(m).
-9
Let a(z) be the first derivative of -z**4/4 - 10*z**3/3 + z**2 - 6*z + 6464. What is a(-11)?
93
Let a(r) = 61*r + 788. Let y be a(-13). Let z(t) = 22*t + 110. What is z(y)?
0
Let p(b) = b - 2. Let n be p(8). Let l(o) = -49 + o**3 - 3*o + 0*o**2 + 51 + n*o**2. Let k = 39 + -45. Calculate l(k).
20
Let t(m) = 5*m**2 + m - 1. Suppose 0 = 5*r - 2*z - 52, -2*r - 2*z = -0*r - 18. Suppose 14*n - r*n + 24 = 0. Let v = 7 + n. Determine t(v).
5
Suppose 0 = 5*c - 2*v - 1, 4*c - 2*v + v = 2. Let p be (-3)/c - (-5)/(20/12). Let x(r) = 0*r + 12 + p*r + r - 14. What is x(-3)?
-5
Let i(w) = 101*w + 106. Let n be i(-1). Let g(c) = -2*c**3 + 3*c**2 + 6*c + 5. Determine g(n).
-140
Let f(b) = 149 + 43*b + 45*b - 223*b + 154*b. Determine f(-8).
-3
Let f(k) = k**3 - 6*k**2 + 6*k + 1. Suppose -75*q + 67*q + 16 = 0. Let w be (q*-1)/((-12)/30). Give f(w).
6
Suppose 4*y + 39 = q + 17, -3*y = -3*q + 21. Let h(x) = -7*x + 15. What is h(q)?
1
Let g(n) = 7 + 13*n - 15*n - 15 + 2*n - 34*n - 12*n**2. Give g(-2).
12
Let l be -2*(-26)/(-16) - (-15)/(-20). Let z(i) = 13*i - 3. Let p be z(1). Let d(r) = p*r**2 + 0*r**2 - 6*r**2 + r - 5 + r**3. Calculate d(l).
-9
Let n(h) be the second derivative of -7*h**4/12 + h**3/6 - h. Let r(f) = -f**2 - 10*f - 7. Let q be r(-8). Suppose -66*m + 75*m = -q. Determine n(m).
-8
Let o(j) = 7*j**3 - j**2 - 1. Let h(z) = 15*z**3 - 8*z**2 + 5*z - 6. Let i(d) = h(d) - 2*o(d). Give i(2).
-10
Let d(u) = 4*u + 2 + u**2 + u + 0. Suppose -280 = -30*v + 25*v. Suppose 3*h - 41 + v = 0. Give d(h).
2
Let z = -384 + 389. Let s(c) = -c**3 + 7*c**2 - 7*c + 1. Give s(z).
16
Let r(h) = h**3 - 5*h**2 - 5*h + 2. Let l(w) be the third derivative of -w**4/6 - 7*w**3/6 - 17*w**2. Let z be l(-3). Suppose -34 = -z*g - 4. Give r(g).
8
Let o be (-10)/11*1694/308. Let r(a) = 2 - 6*a**2 - 2*a - a**3 - a - 5. Determine r(o).
-13
Let q(i) be the second derivative of -i**5/20 - i**4/12 + 2*i**3/3 - 3*i**2 + 2552*i. What is q(-4)?
26
Suppose -4*u + 24 = -375*a + 378*a, -4*u = -5*a - 24. Let j(p) = -2*p + 27. Give j(u).
15
Let w(m) = -m - 12. Suppose 2*o = -2*o - 5*x + 32, 0 = -4*o - 4*x + 28. Suppose 5*d + 65 = -5*v, 3*v = d - v + o. What is w(d)?
-1
Let r(s) = -s**3 - s**2 + 1. Let j(a) = 3*a**3 + 10*a**2 - 3. Let y(c) = -c**2 + 1. Let x(h) = -j(h) - 2*y(h). Let g(v) = -4*r(v) + x(v). What is g(5)?
22
Let y(a) = 7*a - 7. Let t(s) = 4 + 1 + 21*s - 25. Suppose -5*d = 4*c - 31 - 70, 97 = 5*d + 3*c. Let u(q) = d*y(q) - 6*t(q). Determine u(-1).
8
Let m(q) be the first derivative of q**4/4 - 4*q**3/3 + q**2/2 - 5*q + 9. Suppose 6 - 26 = -4*s. Suppose -s*v + 24 = -0*g + g, -36 = -4*v - 5*g. What is m(v)?
-1
Let j(t) = -t**3 - 7*t**2 + 32*t + 25. Suppose 532 - 179 = -86*k - 507. What is j(k)?
5
Let a(y) = y**3 - 8*y**2 + 8*y + 7. Let p(t) = 3 + 4 - 4*t - 9*t**2 + 11*t + t**3 + t**2. Let d(l) = -3*a(l) + 4*p(l). Calculate d(7).
-14
Let v(m) = -m**3 + m**2 + m + 2. Let k be v(0). Let s(h) be the third derivative of -h**5/60 + h**4/8 - 2928*h**2 - 3. Calculate s(k).
2
Let c(y) = 38*y**3 + 6*y**2 + 25*y - 48. Let l(n) = -15*n**3 - 3*n**2 - 13*n + 25. Let r(t) = -2*c(t) - 5*l(t). Give r(5).
-4
Suppose -i - 34*y = -35*y + 10, -3*y = -21. Let c(f) = f**2 - 3*f + 3. Give c(i).
21
Let l(i) = 15*i + 3*i**3 + 52697964 - 52697961 - 4*i**3 + 10*i**2. Calculate l(11).
47
Let j(i) = 2*i**2 - 4*i + 5. Let b = -2 + 454. Let d = b - 449. Give j(d).
11
Let h(f) = -8*f**3 - f**2 - f - 1. Let y = -6 - -18. Let g be (-8)/y + 1/((-9)/(-6)). Suppose g = 6*i + 4 + 2. Calculate h(i).
7
Let k(z) = -5*z**3 - 20*z**2 - 18*z + 29. Let u(j) = 37*j**3 + 140*j**2 + 123*j - 204. Let q(n) = 15*k(n) + 2*u(n). Calculate q(-19).
122
Let w(y) = 30*y**2 - 4*y + 16. Let v(q) = 53*q**2 - 7*q + 30. Let c(u) = 4*v(u) - 7*w(u). Calculate c(5).
58
Suppose 33*n = 37*n. Let l(u) = -16*u - 5. Let b(d) = 36*d + 11. Let s(r) = -2*b(r) - 5*l(r). Give s(n).
3
Let n(f) = f**3 - 9*f**2 - 6*f - 3. Let x = 75 - 69. Let a(l) = -2*l. Let u(s) = x*a(s) - n(s). Determine u(8).
19
Let o(b) = 18*b**2 + 11*b**2 + 2*b + 734*b**3 - 61 - 735*b**3. Let z be o(29). Let i(r) = -r**2 - 3*r + 4. What is i(z)?
4
Let z(o) = 7*o**3 - 6*o**2 + 16*o - 4. Let r(x) = -3*x**3 + 3*x**2 - 7*x + 2. Let p(g) = -5*r(g) - 2*z(g). Calculate p(5).
63
Let i(b) be the first derivative of 62 + 6*b - 3/2*b**2. Calculate i(4).
-6
Suppose -16*b + 14 = -34. Let x be (-17 - -13)*(57/12 - b). Let s(r) = -3*r - 10. Give s(x).
11
Let o(w) be the second derivative of w**6/120 + w**5/15 - w**4/12 + 2*w**3/3 - 7*w**2 + 63*w. Let n(f) be the first derivative of o(f). Give n(-4).
12
Let z be (20/(-15))/(4/12). Let b(u) = 154 - 149 + u + 2*u**2 - 3*u**2. Let l(i) = -2*i**2 + 3*i + 11. Let h(q) = 13*b(q) - 6*l(q). Give h(z).
3
Let t = 1179 - 1178. Let v(q) = 3*q**2 - 5*q + 2. Calculate v(t).
0
Let a(g) = -8*g - 261 + 106 - 21 + 40*g - g**2. Let h be a(7). Let m(r) = 29*r + 2. Give m(h).
-27
Let g = 163 - 145. Let f(h) = -4 + g - h - 5 - 1. Determine f(7).
1
Let u(i) be the first derivative of 4*i**2 - 2 + 1/3*i**3 + 4*i. Calculate u(-6).
-8
Let r(j) = -j**2 + 25*j - 32. Suppose 81 - 7 = 11*b - 212. What is r(b)?
-58
Let k be 56/29 - (-44)/638. Let p(r) = -1 + k*r**2 + 2*r**2 - 317*r + 156*r + 159*r. Give p(4).
55
Let y(a) = -a**3 - a**2 + 2*a - 5. Let h be y(-2). Let r(d) be the first derivative of d**2/2 - 4*d - 47. Give r(h).
-9
Let d(x) be the second derivative of -5*x**4/12 - 13*x**3/6 - 27*x**2/2 - 784*x - 3. Give d(-2).
-21
Let b(q) be the first derivative of -2*q**4 + 4*q**3/3 - q**2/2 + 4*q + 3428. What is b(2)?
-46
Let s(g) = -4*g - 1. Let n be s(-1). Let p = -124 + 129. Let o(i) = 0 + 5*i + i**2 - 2*i**2 - p + 6. Determine o(n).
7
Let o(s) = 3*s - 4. Let j(d) be the second derivative of 11*d**3/6 - 6*d**2 - 7*d + 2. Let v(k) = 2*j(k) - 7*o(k). Give v(-7).
-3
Let s(g) = -g**2 - 8*g + 4. Let f(a) = 2*a**2 + 15*a - 10. Let k(h) = -3*f(h) - 7*s(h). Let y(p) = 2*p + 10. Let w be y(-9). Give k(